 15, what is 30 + -29?
6
In base 10, what is -26 + 7?
-19
In base 6, what is 354 + 11?
405
In base 4, what is -2 + 332?
330
In base 9, what is -16 - -372?
355
In base 5, what is 10442 - 4?
10433
In base 8, what is 0 - -14765?
14765
In base 16, what is 4 - 16b?
-167
In base 9, what is 0 + -331?
-331
In base 15, what is 7 - -20?
27
In base 12, what is -17 + -32b?
-346
In base 10, what is 5 - -12?
17
In base 8, what is 104 - 100?
4
In base 16, what is -144 - -2?
-142
In base 2, what is 11010 - -11?
11101
In base 8, what is 5605 + -5?
5600
In base 8, what is 1027 + 2?
1031
In base 11, what is 0 + -816?
-816
In base 12, what is -5 + -31?
-36
In base 3, what is 22 - 102?
-10
In base 16, what is -69 + -34?
-9d
In base 16, what is f + -9c?
-8d
In base 3, what is 10020 - 111?
2202
In base 9, what is 73 + -167?
-84
In base 14, what is 19 + -b0?
-95
In base 15, what is -5 + 876?
871
In base 15, what is 8 - a?
-2
In base 15, what is -4 - 8c2?
-8c6
In base 6, what is -5110 - -3?
-5103
In base 10, what is -7 + -5?
-12
In base 11, what is 248 + 2?
24a
In base 4, what is 30 - -2120?
2210
In base 15, what is 5 - -1107?
110c
In base 4, what is 2120 + 2?
2122
In base 13, what is 14 - -7?
1b
In base 8, what is 13 - -63?
76
In base 2, what is 110010 - 10110?
11100
In base 8, what is 2 + -16321?
-16317
In base 4, what is 1332 + 10?
2002
In base 8, what is 11 + -13?
-2
In base 5, what is 3430 - 4?
3421
In base 16, what is 4407 + -5?
4402
In base 2, what is -111001 + -11?
-111100
In base 8, what is 43 + 56?
121
In base 6, what is -100 - -20?
-40
In base 8, what is -2711 + -2?
-2713
In base 14, what is 67 + -15?
52
In base 12, what is 652 + -5?
649
In base 11, what is 2a63 + -4?
2a5a
In base 6, what is 0 + -2420?
-2420
In base 5, what is 42 + 114?
211
In base 8, what is 4 + -13470?
-13464
In base 5, what is -3 - 102?
-110
In base 2, what is -100 + -111001111?
-111010011
In base 13, what is 4 - -2778?
277c
In base 14, what is -307 - -16?
-2d1
In base 10, what is 1219 + -5?
1214
In base 8, what is -3351 + 4?
-3345
In base 7, what is 2604 + 3?
2610
In base 16, what is -1c - 29?
-45
In base 2, what is -1 - -10101?
10100
In base 5, what is 201 - -3?
204
In base 16, what is -e7b7 - 1?
-e7b8
In base 7, what is 0 + -5046?
-5046
In base 3, what is -1002 + 12001?
10222
In base 5, what is -400 + -1143?
-2043
In base 3, what is 2 - 2101?
-2022
In base 14, what is -43 - 4a?
-8d
In base 11, what is -92 - 3?
-95
In base 7, what is 150 - 130?
20
In base 10, what is -1 + -28?
-29
In base 12, what is 260 + 2?
262
In base 10, what is 5 + 139?
144
In base 10, what is 1 - -428?
429
In base 14, what is 3 + 4c9?
4cc
In base 4, what is -11 + -10131?
-10202
In base 15, what is 229 - 5?
224
In base 14, what is b - 0?
b
In base 6, what is 20 - -533?
553
In base 7, what is 416 - -2?
421
In base 10, what is 3 + 8056?
8059
In base 7, what is -2431 + -1?
-2432
In base 15, what is e + 53?
62
In base 6, what is -5 - 23?
-32
In base 6, what is -533 - -1?
-532
In base 16, what is f - -1?
10
In base 16, what is d0 + -7?
c9
In base 13, what is 81 + 1?
82
In base 8, what is 15 + -5?
10
In base 5, what is 4 - -3?
12
In base 15, what is 2 + -16?
-14
In base 16, what is -28 + -6?
-2e
In base 16, what is 2a + 5?
2f
In base 7, what is 355 - -4?
362
In base 5, what is 0 + 214?
214
In base 12, what is -39 - -a7?
6a
In base 3, what is 11 + -21000?
-20212
In base 4, what is -32 - 2?
-100
In base 10, what is -588 - 2?
-590
In base 11, what is -117 + 1?
-116
In base 14, what is -4 + -2c?
-32
In base 13, what is 47 - -65?
ac
In base 5, what is 4 + 2030?
2034
In base 13, what is -31 - 2c?
-60
In base 16, what is -407 - -5?
-402
In base 7, what is -2 - 3625?
-3630
In base 4, what is 11 - 30?
-13
In base 13, what is 33 - -5?
38
In base 3, what is 12 + -1022?
-1010
In base 5, what is 113 + 0?
113
In base 12, what is 32 + 2?
34
In base 2, what is -11100 - -11000?
-100
In base 6, what is -10001 + -14?
-10015
In base 8, what is -1 - 2245?
-2246
In base 2, what is -1 - 1110000001011?
-1110000001100
In base 12, what is -4 - 0?
-4
In base 12, what is -6 - 344?
-34a
In base 13, what is 3 + 21?
24
In base 11, what is 2359 - -1?
235a
In base 10, what is -108 + 334?
226
In base 7, what is 62 - 322?
-230
In base 11, what is 4 + -542a?
-5426
In base 13, what is -4 - 123?
-127
In base 3, what is 0 - -212?
212
In base 12, what is 3 - -325?
328
In base 11, what is a + 2a?
39
In base 9, what is 602 - 4?
587
In base 2, what is -11 + 10101?
10010
In base 6, what is 41 - -5?
50
In base 13, what is -29 - -9?
-20
In base 14, what is 4 - -1b?
21
In base 10, what is -813 - -2?
-811
In base 5, what is -3 + 43?
40
In base 10, what is 36 - 0?
36
In base 8, what is 1142 + -3?
1137
In base 15, what is -1 - -2c?
2b
In base 8, what is 2 - -1322?
1324
In base 4, what is -3123 + 0?
-3123
In base 14, what is -7 - 21b?
-224
In base 10, what is 1 + -7?
-6
In base 3, what is 11 - 1102012?
-1102001
In base 11, what is 3 - -19a?
1a2
In base 4, what is -3002 - -2?
-3000
In base 13, what is -4 - -2a3?
29c
In base 14, what is -d65 + -2?
-d67
In base 2, what is 1100 + 1000010?
1001110
In base 16, what is 6d - 1c?
51
In base 5, what is -211 - 1011?
-1222
In base 7, what is 5 - 1463?
-1455
In base 12, what is -256a - -2?
-2568
In base 12, what is 108 + 0?
108
In base 12, what is -3 + -38?
-3b
In base 3, what is -101121 - 2212?
-111110
In base 3, what is -1020201 + 2?
-1020122
In base 15, what is -10 + 39?
29
In base 4, what is 103 - 101?
2
In base 14, what is 8 + 0?
8
In base 4, what is -2031 - 3?
-2100
In base 13, what is -b3 - -25?
-8b
In base 14, what is 1291 - 3?
128c
In base 3, what is -1002 - -12?
-220
In base 10, what is -22 + -5?
-27
In base 14, what is -6 + a6?
a0
In base 3, what is -22210 - 102?
-100012
In base 12, what is -4 + 204b?
2047
In base 4, what is 10202 + -111?
10031
In base 11, what is 230 - -48?
278
In base 5, what is -20 - -43?
23
In base 16, what is -6 + -3a?
-40
In base 6, what is 3 - -15244?
15251
In base 6, what is 1 + -2542?
-2541
In base 3, what is 0 + 2001?
2001
In base 4, what is -11202 + 2?
-11200
In base 11, what is -6 + a4?
99
In base 7, what is -401 - 61?
-462
In base 10, what is -3 + -20?
-23
In base 6, what is 112 - 43?
25
In base 11, what is 426 + 12?
438
In base 5, what is -3 - -14004?
14001
In base 7, what is 0 + 146?
146
In base 2, what is 11 + 1000?
1011
In base 6, what is -20 + 25?
5
In base 15, what is -1 - -63?
62
In base 2, what is -1010100001 + -110?
-1010100111
In base 7, what is 2 - 113?
-111
In base 6, what is -3 - 1151?
-1154
In base 5, what is 4 + -43034?
-43030
In base 10, what is -6 + 4?
-2
In base 8, what is -63 + 15?
-46
In base 7, what is 105 - 106?
-1
In base 14, what is 7a - -7?
83
In base 15, what is -26 + 14?
-12
In base 8, what is 1 + 35?
36
In base 13, what is -4 - 7ab?
-7b2
In base 7, what is 330 - 2?
325
In base 11, what is 5 - 63?
-59
In base 15, what is 1ca + 5?
1d0
In base 8, what is 3 - 1566?
-1563
In base 3, what is 10 + -20222?
-20212
In base 4, what is -1232 + 30?
-1202
In base 12, what is 5109 - 1?
5108
In base 6, what is 0 - -420?
420
In base 3, what is -1100001 - -12?
-1022212
In base 8, what is 5753 - -6?
5761
In base 15, what is -5 + -4?
-9
In base 11, what is 1a + 130?
14a
In base 14, what is 4 + -66c?
-668
In base 16, what is -c3 + -f?
-d2
In base 15, what is -737 + 3?
-734
In base 12, what is 3 + 1015?
1018
In base 8, what is 43 + -27?
14
In base 2, what is -100 - -10111101110?
10111101010
In base 14, what is aa3 - 3?
aa0
In base 14, what is 10a8 + 3?
10ab
In base 15, what is 8d + -3?
8a
In base 14, what is 1d4 + 5?
1d9
In base 6, what is 2 + 214?
220
In base 14, what is -b4 + 36?
-7c
In base 8, what is -107 + 12?
-75
In base 13, what is 94 + -1?
93
In base 9, what is -5 - 445?
-451
In base 11, what is 156 - 1?
155
In base 7, what is 6 - 133?
-124
In base 12, what is -158 - -2?
-156
In base 6, what is -300 - -2?
-254
In base 9, what is 10 - -51?
61
In base 6, what is -1 + 101?
100
In base 15, what is -9 + -2e0?
-2e9
In base 11, what is a46 + 1?
a47
In base 4, what is 120 - 11003?
-10223
In base 11, what is -5 + 4a?
45
In base 2, what is 1 - 11000100?
-11000011
In base 14, what is -7 + 4?
-3
In base 6, what is -4 - -1510?
1502
In base 7, what is 0 - 30?
-30
In base 3, what is 112 -